{"id":19,"date":"2013-05-11T08:56:20","date_gmt":"2013-05-11T08:56:20","guid":{"rendered":"http:\/\/interpingpong2.atsk.hu\/?page_id=19"},"modified":"2020-11-29T09:00:41","modified_gmt":"2020-11-29T09:00:41","slug":"a-program-bemutatasa","status":"publish","type":"page","link":"http:\/\/interpingpong.atsk.hu\/?page_id=19","title":{"rendered":"A program bemutat\u00e1sa"},"content":{"rendered":"<p><b>Az Inter Pingpong Program<\/b><\/p>\n<p>A k\u00e9t egyes\u00fclet &#8211; az eddigi j\u00f3 egy\u00fcttm\u0171k\u00f6d\u00e9sre alapozva \u2013 k\u00f6z\u00f6sen ny\u00fajtott be p\u00e1ly\u00e1zatot az IPA Magyarorsz\u00e1g-Szerbia Hat\u00e1ron \u00c1tny\u00fal\u00f3 Egy\u00fcttm\u0171k\u00f6d\u00e9si Program keret\u00e9ben ki\u00edrt felh\u00edv\u00e1sra.<\/p>\n<p>P\u00e1ly\u00e1zatunk a (HUSRB\/1002\/2.2.2.) a p\u00e1ly\u00e1zati ki\u00edr\u00e1s \u201eEmberek k\u00f6z\u00f6tti egy\u00fcttm\u0171k\u00f6d\u00e9sek\u201d priorit\u00e1s ment\u00e9n ker\u00fclt megfogalmaz\u00e1sra.<\/p>\n<p>Az IPA (Instrument for Pre-Accession Assistance) program f\u0151 c\u00e9lkit\u0171z\u00e9se, hogy az Eur\u00f3pai Uni\u00f3 t\u00e1mogat\u00e1s\u00e1val lehet\u0151s\u00e9get biztos\u00edtson a magyar-szerb hat\u00e1rvid\u00e9k k\u00f6z\u00f6s fejleszt\u00e9s\u00e9re egy harmonikus, egy\u00fcttm\u0171k\u00f6d\u0151, fenntarthat\u00f3 \u00e9s biztons\u00e1gos k\u00f6rnyezettel rendelkez\u0151 r\u00e9gi\u00f3 l\u00e9trehoz\u00e1s\u00e1val.<\/p>\n<p>A program t\u00e1mogat\u00e1sra jogosult ter\u00fclete:<\/p>\n<p>Magyarorsz\u00e1gon:<\/p>\n<ul>\n<li>Csongr\u00e1d megye<\/li>\n<li>B\u00e1cs-Kiskun megye<\/li>\n<\/ul>\n<p>Szerbi\u00e1ban a k\u00f6vetkez\u0151 vajdas\u00e1gi ker\u00fcletek:<\/p>\n<ul>\n<li>Nyugat-B\u00e1cska<\/li>\n<li>\u00c9szak-B\u00e1cska<\/li>\n<li>\u00c9szak-B\u00e1n\u00e1t<\/li>\n<li>D\u00e9l-B\u00e1cska<\/li>\n<li>K\u00f6z\u00e9p-B\u00e1n\u00e1t<\/li>\n<\/ul>\n<p>A mi \u201eInter Pingpong\u201d c\u00edm\u0171 projekt\u00fcnk, 2012.01.01-\u00e9n indul, \u00e9s 2013.12.31-ig tart.<\/p>\n<p>Az Asztalitenisz Sport Klub Szeged \u00e9s a Zentai Asztalitenisz Klub, egy komplex, a hat\u00e1r k\u00e9t oldal\u00e1n \u00e9l\u0151 pingpongosokat megmozgat\u00f3, 24 h\u00f3napos projektet sz\u00e1nd\u00e9kozik megval\u00f3s\u00edtani, amelyre m\u00e9g nem volt p\u00e9lda az asztalitenisz sport\u00e1gban.<\/p>\n<p>A kialak\u00edtand\u00f3 kapcsolat mag\u00e1ba foglalja az asztalitenisz sportot legmagasabb szinten \u0171z\u0151 versenyz\u0151ket, az eg\u00e9szs\u00e9gmeg\u0151rz\u0151, rekre\u00e1ci\u00f3s c\u00e9llal sportol\u00f3 szabadid\u0151s sportol\u00f3kat, valamint, a mozg\u00e1ss\u00e9r\u00fclteket, akiknek a t\u00e1rsadalmi integr\u00e1ci\u00f3j\u00e1t is el\u0151seg\u00edti a rendszeres sportol\u00e1s.<\/p>\n<p>Az egy\u00fcttm\u0171k\u00f6d\u00e9s, t\u00f6bb, k\u00f6z\u00f6s program, tev\u00e9kenys\u00e9g lebonyol\u00edt\u00e1s\u00e1n kereszt\u00fcl val\u00f3sul meg.<\/p>\n<p>A 24 h\u00f3nap sor\u00e1n olyan k\u00f6z\u00f6s tev\u00e9kenys\u00e9gek val\u00f3sulnak meg, amelyek r\u00e9v\u00e9n m\u00e9g szorosabb\u00e1 v\u00e1lik a k\u00e9t klub egy\u00fcttm\u0171k\u00f6d\u00e9se, illetve a rendezv\u00e9nyekre megh\u00edvott m\u00e1s szerb \u00e9s magyar partnerek r\u00e9v\u00e9n, a k\u00e9t orsz\u00e1g asztalitenisz klubjainak, j\u00e1t\u00e9kosainak kapcsolata is er\u0151s\u00f6dni fog.<\/p>\n<p>A k\u00f6z\u00f6s program, vezet\u0151 kedvezm\u00e9nyezettje az ATSK Szeged sportegyes\u00fclet. A Vezet\u0151 Kedvezm\u00e9nyezett feladata, hogy biztos\u00edtsa a t\u00e1mogat\u00e1s hat\u00e9kony, eredm\u00e9nyes \u00e9s szab\u00e1lyszer\u0171 felhaszn\u00e1l\u00e1s\u00e1t.<\/p>\n<p>Mindk\u00e9t sportegyes\u00fclet sz\u00e1m\u00e1ra igazi kih\u00edv\u00e1s, \u00e9s el\u0151rel\u00e9p\u00e9si lehet\u0151s\u00e9g, egy ilyen projekt megval\u00f3s\u00edt\u00e1sa. Az eddigi alkalomszer\u0171 tal\u00e1lkoz\u00e1sokat, egy szervezett, rendszeres, folyamatos kapcsolattart\u00e1s v\u00e1ltja fel<\/p>\n<p>\u00d6sszegezve, \u00fagy gondoljuk, hogy a projekt el\u0151seg\u00edti a fenntarthat\u00f3, folyamatos j\u00f6v\u0151beli egy\u00fcttm\u0171k\u00f6d\u00e9s kialakul\u00e1s\u00e1t a hat\u00e1r k\u00e9t oldal\u00e1n \u00e9l\u0151 pingpongosok k\u00f6z\u00f6tt.<\/p>\n<p><strong>ATSK Szeged\u00a0\u00a0\u00a0\u00a0\u00a0\u00a0\u00a0\u00a0\u00a0\u00a0 <\/strong><\/p>\n<ul>\n<li>M\u00e1rki Ern\u0151 (projekt menedzser)<\/li>\n<li><span style=\"font-size: inherit;\">Szab\u00f3 Brigitta (sportszervez\u0151 (gy\u00f3gytestnevel\u0151)<\/span><\/li>\n<\/ul>\n<p><strong>STK Zenta<\/strong>\u00a0\u00a0\u00a0\u00a0\u00a0\u00a0\u00a0\u00a0\u00a0\u00a0\u00a0\u00a0\u00a0\u00a0\u00a0<\/p>\n<ul>\n<li>Tak\u00e1cs Korn\u00e9l (projekt menedzser)<\/li>\n<li><span style=\"font-size: inherit;\">Mellik Viktor (sportedz\u0151)<\/span><\/li>\n<\/ul>\n<p>V\u00e1runk szeretettel minden \u00e9rdekl\u0151d\u0151t, jelenlegi \u00e9s volt egyes\u00fcleti tagokat, az asztalitenisz sport\u00e1gat kedvel\u0151ket, a hat\u00e1r mindk\u00e9t oldal\u00e1r\u00f3l, b\u00e1rmelyik rendezv\u00e9ny\u00fcnkre!<\/p>\n<p>Ova dva udru\u017eenja \u2013 na osnovu dosada\u0161nje dobre saradnje \u2013 zajedno su\u00a0 konkurisali na poziv IPA (Instrument for Pre-Accession Assistance) u 2010 godini. Glavni cilj Evropske unije je da prekko IPA programa unapredi razvoj pograni\u010dnih regija. Projekat Interpingpong \u017eeli ovaj cilj da implementira preko specifi\u010dnosti sporta.<\/p>\n<p>STK \u201eSegedin\u201d i STK \u201eSenta\u201d \u017eele da ostvare jedan veoma kompleksan projekat\u00a0 za koji jo\u0161 nije bilo primera. Interpingpong je 24 mese\u010dni projekat (po\u010dev\u0161i od 01.01.2012. do 31.12.2013. godine) koji \u017eeli da pokrene stonotenisere sa obe strane granice.<\/p>\n<p>Projekat poma\u017ee da se razvije odnos izme\u0111u takmi\u010dara na vrhunskom nivou, sportista i rekreativaca koji se bave sportom za odr\u017eavanje zdravlja, kao i za\u00a0 hendikepirane osobe, \u010dije se integrisanje u dru\u0161tvo lak\u0161e obavlja pomo\u0107u redovnog bavljenja sportom.<\/p>\n<p>Na osnovu dobrog iskustva, klubovi su odlu\u010dili da \u017eele da nastave odli\u010dnu saradnju u okviru projekta Interpingpong-2<\/p>\n<p><b>ATSK Szeged<\/b><br \/>M\u00e1rki Ern\u0151 projekt menedzser<br \/>Szab\u00f3 Brigitta sportszervez\u0151 (gy\u00f3gytestnevel\u0151)<\/p>\n<p><b>STK Zenta<br \/><\/b>Tak\u00e1cs Korn\u00e9l projekt menedzser<br \/>Mellik Zolt\u00e1n sportedz\u0151<\/p>\n<p><i>V\u00e1runk szeretettel minden \u00e9rdekl\u0151d\u0151t, jelenlegi \u00e9s volt egyes\u00fcleti tagokat, az asztalitenisz sport\u00e1gat kedvel\u0151ket, a hat\u00e1r mindk\u00e9t oldal\u00e1r\u00f3l, b\u00e1rmelyik rendezv\u00e9ny\u00fcnkre!<\/i><\/p>\n\n\n<p><\/p>\n","protected":false},"excerpt":{"rendered":"<p>Az Inter Pingpong Program A k\u00e9t egyes\u00fclet &#8211; az eddigi j\u00f3 egy\u00fcttm\u0171k\u00f6d\u00e9sre alapozva \u2013 k\u00f6z\u00f6sen ny\u00fajtott be p\u00e1ly\u00e1zatot az IPA Magyarorsz\u00e1g-Szerbia Hat\u00e1ron \u00c1tny\u00fal\u00f3 Egy\u00fcttm\u0171k\u00f6d\u00e9si Program keret\u00e9ben ki\u00edrt felh\u00edv\u00e1sra. P\u00e1ly\u00e1zatunk a (HUSRB\/1002\/2.2.2.) a p\u00e1ly\u00e1zati ki\u00edr\u00e1s \u201eEmberek k\u00f6z\u00f6tti egy\u00fcttm\u0171k\u00f6d\u00e9sek\u201d priorit\u00e1s ment\u00e9n ker\u00fclt megfogalmaz\u00e1sra. Az IPA (Instrument for Pre-Accession Assistance) program f\u0151 c\u00e9lkit\u0171z\u00e9se, hogy az Eur\u00f3pai Uni\u00f3 t\u00e1mogat\u00e1s\u00e1val lehet\u0151s\u00e9get biztos\u00edtson a magyar-szerb hat\u00e1rvid\u00e9k k\u00f6z\u00f6s fejleszt\u00e9s\u00e9re egy harmonikus, egy\u00fcttm\u0171k\u00f6d\u0151, fenntarthat\u00f3 \u00e9s biztons\u00e1gos k\u00f6rnyezettel rendelkez\u0151 r\u00e9gi\u00f3 l\u00e9trehoz\u00e1s\u00e1val. A program t\u00e1mogat\u00e1sra jogosult ter\u00fclete: Magyarorsz\u00e1gon: Csongr\u00e1d megye B\u00e1cs-Kiskun megye Szerbi\u00e1ban a k\u00f6vetkez\u0151 vajdas\u00e1gi ker\u00fcletek: Nyugat-B\u00e1cska \u00c9szak-B\u00e1cska \u00c9szak-B\u00e1n\u00e1t D\u00e9l-B\u00e1cska K\u00f6z\u00e9p-B\u00e1n\u00e1t A mi \u201eInter Pingpong\u201d c\u00edm\u0171 projekt\u00fcnk, 2012.01.01-\u00e9n indul, \u00e9s 2013.12.31-ig tart. Az Asztalitenisz Sport Klub Szeged \u00e9s a Zentai Asztalitenisz Klub, egy komplex, a hat\u00e1r k\u00e9t oldal\u00e1n \u00e9l\u0151 pingpongosokat megmozgat\u00f3, 24 h\u00f3napos projektet sz\u00e1nd\u00e9kozik megval\u00f3s\u00edtani, amelyre m\u00e9g nem volt p\u00e9lda az asztalitenisz sport\u00e1gban. A kialak\u00edtand\u00f3 kapcsolat mag\u00e1ba foglalja az asztalitenisz sportot legmagasabb szinten \u0171z\u0151 versenyz\u0151ket, az eg\u00e9szs\u00e9gmeg\u0151rz\u0151, rekre\u00e1ci\u00f3s c\u00e9llal sportol\u00f3 szabadid\u0151s sportol\u00f3kat, valamint, a mozg\u00e1ss\u00e9r\u00fclteket, akiknek a t\u00e1rsadalmi integr\u00e1ci\u00f3j\u00e1t is el\u0151seg\u00edti a rendszeres sportol\u00e1s. Az egy\u00fcttm\u0171k\u00f6d\u00e9s, t\u00f6bb, k\u00f6z\u00f6s program, tev\u00e9kenys\u00e9g lebonyol\u00edt\u00e1s\u00e1n kereszt\u00fcl val\u00f3sul meg. A 24 h\u00f3nap sor\u00e1n olyan k\u00f6z\u00f6s tev\u00e9kenys\u00e9gek val\u00f3sulnak meg, amelyek r\u00e9v\u00e9n m\u00e9g szorosabb\u00e1 v\u00e1lik a k\u00e9t klub egy\u00fcttm\u0171k\u00f6d\u00e9se, illetve a rendezv\u00e9nyekre megh\u00edvott m\u00e1s szerb<\/p>\n","protected":false},"author":1,"featured_media":0,"parent":0,"menu_order":0,"comment_status":"closed","ping_status":"closed","template":"","meta":[],"_links":{"self":[{"href":"http:\/\/interpingpong.atsk.hu\/index.php?rest_route=\/wp\/v2\/pages\/19"}],"collection":[{"href":"http:\/\/interpingpong.atsk.hu\/index.php?rest_route=\/wp\/v2\/pages"}],"about":[{"href":"http:\/\/interpingpong.atsk.hu\/index.php?rest_route=\/wp\/v2\/types\/page"}],"author":[{"embeddable":true,"href":"http:\/\/interpingpong.atsk.hu\/index.php?rest_route=\/wp\/v2\/users\/1"}],"replies":[{"embeddable":true,"href":"http:\/\/interpingpong.atsk.hu\/index.php?rest_route=%2Fwp%2Fv2%2Fcomments&post=19"}],"version-history":[{"count":6,"href":"http:\/\/interpingpong.atsk.hu\/index.php?rest_route=\/wp\/v2\/pages\/19\/revisions"}],"predecessor-version":[{"id":263,"href":"http:\/\/interpingpong.atsk.hu\/index.php?rest_route=\/wp\/v2\/pages\/19\/revisions\/263"}],"wp:attachment":[{"href":"http:\/\/interpingpong.atsk.hu\/index.php?rest_route=%2Fwp%2Fv2%2Fmedia&parent=19"}],"curies":[{"name":"wp","href":"https:\/\/api.w.org\/{rel}","templated":true}]}}