{"id":30,"date":"2013-05-11T10:22:07","date_gmt":"2013-05-11T10:22:07","guid":{"rendered":"http:\/\/interpingpong2.atsk.hu\/?page_id=30"},"modified":"2020-11-29T09:23:19","modified_gmt":"2020-11-29T09:23:19","slug":"programterv","status":"publish","type":"page","link":"http:\/\/interpingpong.atsk.hu\/?page_id=30","title":{"rendered":"Programterv"},"content":{"rendered":"<p>A Magyarorsz\u00e1g &#8211; Szerbia IPA Hat\u00e1ron \u00c1tny\u00fal\u00f3 Egy\u00fcttm\u0171k\u00f6d\u00e9si Program &#8222;Inter Pingpong&#8221; c. projekt\u00e9nek tervezett esem\u00e9nyei<\/p>\n<p>\u00a0<\/p>\n<table width=\"515\">\n<tbody>\n<tr>\n<td width=\"135\">\u00a0<\/td>\n<td width=\"255\">\u00a0<\/td>\n<td width=\"125\">\u00a0<\/td>\n<\/tr>\n<tr>\n<td>Peri\u00f3dus<\/td>\n<td>Tervezett program\/aktivit\u00e1s<\/td>\n<td>Helysz\u00edn<\/td>\n<\/tr>\n<tr>\n<td>\u00a0<\/td>\n<td>\u00a0<\/td>\n<td>\u00a0<\/td>\n<\/tr>\n<tr>\n<td rowspan=\"5\" width=\"135\">I. peri\u00f3dus 2012.01.01 &#8211; 04.30.<\/td>\n<td>Ny\u00edlt Nap &#8211; Nyit\u00f3 rendezv\u00e9ny<\/td>\n<td>Zenta<\/td>\n<\/tr>\n<tr>\n<td>Iskolai Pingpong Program<\/td>\n<td>Szeged &#8211; Zenta<\/td>\n<\/tr>\n<tr>\n<td>Sporttal\u00e1lkoz\u00f3k<\/td>\n<td>Szeged &#8211; Zenta<\/td>\n<\/tr>\n<tr>\n<td>Ny\u00edlt Nap &#8211; Nyit\u00f3 rendezv\u00e9ny<\/td>\n<td>Szeged\u00a0<\/td>\n<\/tr>\n<tr>\n<td>Magyar-Szerb Asztalitenisz Verseny<\/td>\n<td>Szeged\u00a0<\/td>\n<\/tr>\n<tr>\n<td>\u00a0<\/td>\n<td>\u00a0<\/td>\n<td>\u00a0<\/td>\n<\/tr>\n<tr>\n<td rowspan=\"5\" width=\"135\">II. peri\u00f3dus 2012.05.01 &#8211; 08.31.<\/td>\n<td>Sporttal\u00e1lkoz\u00f3k<\/td>\n<td>Szeged &#8211; Zenta<\/td>\n<\/tr>\n<tr>\n<td>Fogyat\u00e9kkal \u00c9l\u0151k Sportnap<\/td>\n<td>Szeged\u00a0<\/td>\n<\/tr>\n<tr>\n<td>Amat\u0151r Asztalitenisz Verseny<\/td>\n<td>Zenta<\/td>\n<\/tr>\n<tr>\n<td>Csal\u00e1di Sportnap<\/td>\n<td>Zenta<\/td>\n<\/tr>\n<tr>\n<td>Edz\u0151t\u00e1bor<\/td>\n<td>Szeged\u00a0<\/td>\n<\/tr>\n<tr>\n<td>\u00a0<\/td>\n<td>\u00a0<\/td>\n<td>\u00a0<\/td>\n<\/tr>\n<tr>\n<td rowspan=\"5\" width=\"135\">III. peri\u00f3dus 2012.09.01 &#8211; 12.31.<\/td>\n<td>Ny\u00edlt Nap<\/td>\n<td>Szeged<\/td>\n<\/tr>\n<tr>\n<td>Ny\u00edlt Nap<\/td>\n<td>Zenta<\/td>\n<\/tr>\n<tr>\n<td>Iskolai Pingpong Program<\/td>\n<td>Szeged &#8211; Zenta<\/td>\n<\/tr>\n<tr>\n<td>Zenta Kupa<\/td>\n<td>Zenta<\/td>\n<\/tr>\n<tr>\n<td>Kerekessz\u00e9kes Asztalitenisz Verseny<\/td>\n<td>Szeged<\/td>\n<\/tr>\n<tr>\n<td>\u00a0<\/td>\n<td>\u00a0<\/td>\n<td>\u00a0<\/td>\n<\/tr>\n<tr>\n<td rowspan=\"5\" width=\"135\">IV. peri\u00f3dus 2013.01.01 &#8211; 04.30<\/td>\n<td>Magyar-Szerb Asztalitenisz Verseny<\/td>\n<td>Szeged\u00a0<\/td>\n<\/tr>\n<tr>\n<td>Sporttal\u00e1lkoz\u00f3k<\/td>\n<td>Zenta<\/td>\n<\/tr>\n<tr>\n<td>Iskolai Pingpong Program<\/td>\n<td>Szeged &#8211; Zenta<\/td>\n<\/tr>\n<tr>\n<td>Amat\u0151r Asztalitenisz Verseny<\/td>\n<td>Szeged<\/td>\n<\/tr>\n<tr>\n<td>Eg\u00e9szs\u00e9g Szimp\u00f3zium<\/td>\n<td>Szeged<\/td>\n<\/tr>\n<tr>\n<td>\u00a0<\/td>\n<td>\u00a0<\/td>\n<td>\u00a0<\/td>\n<\/tr>\n<tr>\n<td rowspan=\"5\" width=\"135\">V. peri\u00f3dus 2013.05.01 &#8211; 08.31.<\/td>\n<td>Sporttal\u00e1lkoz\u00f3k<\/td>\n<td>Szeged &#8211; Zenta<\/td>\n<\/tr>\n<tr>\n<td>Fogyat\u00e9kkal \u00c9l\u0151k Sportnap<\/td>\n<td>Szeged\u00a0<\/td>\n<\/tr>\n<tr>\n<td>Csal\u00e1di Sportnap<\/td>\n<td>Zenta<\/td>\n<\/tr>\n<tr>\n<td>Kerekessz\u00e9kes Asztalitenisz Verseny<\/td>\n<td>Zenta<\/td>\n<\/tr>\n<tr>\n<td>Edz\u0151t\u00e1bor<\/td>\n<td>Zenta<\/td>\n<\/tr>\n<tr>\n<td>\u00a0<\/td>\n<td>\u00a0<\/td>\n<td>\u00a0<\/td>\n<\/tr>\n<tr>\n<td rowspan=\"3\" width=\"135\">VI. peri\u00f3dus 2013.09.01 &#8211; 12.31<\/td>\n<td>Zenta Kupa<\/td>\n<td>Zenta<\/td>\n<\/tr>\n<tr>\n<td>Ny\u00edlt Nap &#8211; Z\u00e1r\u00f3 rendezv\u00e9ny<\/td>\n<td>Zenta<\/td>\n<\/tr>\n<tr>\n<td>Ny\u00edlt Nap &#8211; Z\u00e1r\u00f3 rendezv\u00e9ny<\/td>\n<td>Szeged\u00a0<\/td>\n<\/tr>\n<tr>\n<td>\u00a0<\/td>\n<td>\u00a0<\/td>\n<td>\u00a0<\/td>\n<\/tr>\n<\/tbody>\n<\/table>\n\n\n<p><\/p>\n","protected":false},"excerpt":{"rendered":"<p>A Magyarorsz\u00e1g &#8211; Szerbia IPA Hat\u00e1ron \u00c1tny\u00fal\u00f3 Egy\u00fcttm\u0171k\u00f6d\u00e9si Program &#8222;Inter Pingpong&#8221; c. projekt\u00e9nek tervezett esem\u00e9nyei \u00a0 \u00a0 \u00a0 \u00a0 Peri\u00f3dus Tervezett program\/aktivit\u00e1s Helysz\u00edn \u00a0 \u00a0 \u00a0 I. peri\u00f3dus 2012.01.01 &#8211; 04.30. Ny\u00edlt Nap &#8211; Nyit\u00f3 rendezv\u00e9ny Zenta Iskolai Pingpong Program Szeged &#8211; Zenta Sporttal\u00e1lkoz\u00f3k Szeged &#8211; Zenta Ny\u00edlt Nap &#8211; Nyit\u00f3 rendezv\u00e9ny Szeged\u00a0 Magyar-Szerb Asztalitenisz Verseny Szeged\u00a0 \u00a0 \u00a0 \u00a0 II. peri\u00f3dus 2012.05.01 &#8211; 08.31. Sporttal\u00e1lkoz\u00f3k Szeged &#8211; Zenta Fogyat\u00e9kkal \u00c9l\u0151k Sportnap Szeged\u00a0 Amat\u0151r Asztalitenisz Verseny Zenta Csal\u00e1di Sportnap Zenta Edz\u0151t\u00e1bor Szeged\u00a0 \u00a0 \u00a0 \u00a0 III. peri\u00f3dus 2012.09.01 &#8211; 12.31. Ny\u00edlt Nap Szeged Ny\u00edlt Nap Zenta Iskolai Pingpong Program Szeged &#8211; Zenta Zenta Kupa Zenta Kerekessz\u00e9kes Asztalitenisz Verseny Szeged \u00a0 \u00a0 \u00a0 IV. peri\u00f3dus 2013.01.01 &#8211; 04.30 Magyar-Szerb Asztalitenisz Verseny Szeged\u00a0 Sporttal\u00e1lkoz\u00f3k Zenta Iskolai Pingpong Program Szeged &#8211; Zenta Amat\u0151r Asztalitenisz Verseny Szeged Eg\u00e9szs\u00e9g Szimp\u00f3zium Szeged \u00a0 \u00a0 \u00a0 V. peri\u00f3dus 2013.05.01 &#8211; 08.31. Sporttal\u00e1lkoz\u00f3k Szeged &#8211; Zenta Fogyat\u00e9kkal \u00c9l\u0151k Sportnap Szeged\u00a0 Csal\u00e1di Sportnap Zenta Kerekessz\u00e9kes Asztalitenisz Verseny Zenta Edz\u0151t\u00e1bor Zenta \u00a0 \u00a0 \u00a0 VI. peri\u00f3dus 2013.09.01 &#8211; 12.31 Zenta Kupa Zenta Ny\u00edlt Nap &#8211; Z\u00e1r\u00f3 rendezv\u00e9ny Zenta Ny\u00edlt Nap &#8211; Z\u00e1r\u00f3 rendezv\u00e9ny Szeged\u00a0 \u00a0 \u00a0 \u00a0<\/p>\n","protected":false},"author":1,"featured_media":0,"parent":0,"menu_order":0,"comment_status":"closed","ping_status":"closed","template":"","meta":[],"_links":{"self":[{"href":"http:\/\/interpingpong.atsk.hu\/index.php?rest_route=\/wp\/v2\/pages\/30"}],"collection":[{"href":"http:\/\/interpingpong.atsk.hu\/index.php?rest_route=\/wp\/v2\/pages"}],"about":[{"href":"http:\/\/interpingpong.atsk.hu\/index.php?rest_route=\/wp\/v2\/types\/page"}],"author":[{"embeddable":true,"href":"http:\/\/interpingpong.atsk.hu\/index.php?rest_route=\/wp\/v2\/users\/1"}],"replies":[{"embeddable":true,"href":"http:\/\/interpingpong.atsk.hu\/index.php?rest_route=%2Fwp%2Fv2%2Fcomments&post=30"}],"version-history":[{"count":10,"href":"http:\/\/interpingpong.atsk.hu\/index.php?rest_route=\/wp\/v2\/pages\/30\/revisions"}],"predecessor-version":[{"id":335,"href":"http:\/\/interpingpong.atsk.hu\/index.php?rest_route=\/wp\/v2\/pages\/30\/revisions\/335"}],"wp:attachment":[{"href":"http:\/\/interpingpong.atsk.hu\/index.php?rest_route=%2Fwp%2Fv2%2Fmedia&parent=30"}],"curies":[{"name":"wp","href":"https:\/\/api.w.org\/{rel}","templated":true}]}}